
Let i be (-8 - 58/(-6))*(-99)/(-15). Let s be (-2 - -4) + (1 - -17). Let h = 2 + s. Calculate the greatest common divisor of h and i.
11
Let r = -574 + 612. What is the greatest common factor of r and 1216?
38
Let q(d) = -d**2 - 5*d**2 - d**3 + 4 + 4*d - 8 - 4. Let o be q(-7). Calculate the highest common factor of 13 and o.
13
Let j = 2 + -9. Let v(z) = 2*z + 17. Let s be v(-4). Let c = s + j. What is the highest common divisor of 2 and c?
2
Let q = 12 + -1. Let j be (-15)/(-6) + 2/4 - -206. Suppose 3*h = 55 + j. Calculate the highest common divisor of q and h.
11
Suppose 2*d + 3*c + 74 = 7*d, 0 = 2*d - 2*c - 28. Let t(z) = z**3 + 6*z**2 - 3*z - 2. Let n be t(-6). Calculate the highest common divisor of d and n.
16
Let v(a) = 3*a - 65. Let h be v(29). Calculate the highest common divisor of 22 and h.
22
Let v be 34/1 + 6/3. Let k = v - 11. Let s be (0 - 5)*-2*(-120)/(-16). What is the greatest common factor of s and k?
25
Suppose -3*d - 2*k = -6*k - 3476, -d = 2*k - 1142. Calculate the greatest common divisor of d and 18.
18
Let z(x) = 22*x + 1. Let o be z(1). Suppose 3*y - 4 = 2. Suppose -143 - 227 = -2*n - y*w, -5*w - 363 = -2*n. Calculate the greatest common factor of n and o.
23
Suppose 4*l - 7 = l - k, -6 = -5*l + 4*k. Let c = -335 - -355. Let g be 3*c/12*l. Calculate the greatest common divisor of 80 and g.
10
Let j(z) = z**3 + z**2 + z + 20. Let m be (3/(-9)*0)/2. Let g be j(m). Calculate the greatest common divisor of 50 and g.
10
Let d be ((-82)/4)/((-1)/(-2)). Let c = -11 - d. Let j = -18 + c. What is the highest common divisor of 30 and j?
6
Let i = -63 + 90. Let v = 89 - 53. Suppose 3*u + v = 4*w, -5*w - 4*u + 0 = -45. Calculate the highest common factor of w and i.
9
Let v be -4 - -10 - 2 - -3. What is the greatest common divisor of 119 and v?
7
Suppose 440 = -23*r + 33*r. Calculate the greatest common factor of 55 and r.
11
Suppose -10*q - 5*b - 85 = -11*q, 76 = q + 4*b. Calculate the highest common divisor of 16 and q.
16
Suppose 0 = 4*b + 11*h - 15*h - 1524, -1138 = -3*b + 2*h. What is the highest common divisor of 16 and b?
8
Let r be 4/18 + 175/63. Let u be (r + (-6)/8)*-76. Let p be (-1)/((-1)/u*-3). Calculate the highest common factor of p and 19.
19
Suppose -z = 3*i - 34, -i + 7*z = 2*z - 6. Suppose -3*c - 6 = 0, 4*l + 57 = 4*c + 461. What is the highest common divisor of i and l?
11
Suppose -2*o + 231 = -5*m, 17*o + 3*m + 113 = 18*o. What is the greatest common factor of 4 and o?
4
Suppose 2*n = -o + 66, -7*n + 88 = -4*n - 4*o. Let z(b) = -27*b - 3. Let s be z(-5). Let y = s - 52. Calculate the highest common factor of n and y.
16
Suppose -3*g = -4*f + 201, -8*f + 90 = -6*f + 2*g. Let x = -102 - -174. What is the highest common factor of x and f?
24
Suppose 3*j + 4*n = -j + 360, -4*j - 3*n = -361. What is the greatest common divisor of j and 52?
13
Let p be 0 + 5/(5/6). Let u be p/(-10) - 1956/(-60). What is the highest common factor of u and 256?
32
Suppose -7*b = 36 + 104. Let y be ((-44)/8 + 4)*b. Calculate the greatest common factor of y and 3.
3
Let y be ((-560)/21)/((-16)/504). Calculate the greatest common divisor of y and 24.
24
Let m = 18 - 23. Let h(y) = -y**3 + y**2 - 7*y - 9. Let a be h(m). Let u = -10 - -32. Calculate the highest common factor of u and a.
22
Let w = 4 - 0. Suppose 1 = -2*t + 5. Suppose t*f + 1 = -5*g, -2*f + 7 = -5*g - 6*f. What is the highest common factor of w and g?
1
Let y(q) = -2*q + 4. Let l be y(2). Suppose l = -a - 2*a. Suppose a = r - 10 - 7. What is the greatest common factor of 136 and r?
17
Suppose 0 = 65*i - 15*i - 44800. Calculate the greatest common divisor of 256 and i.
128
Let f(x) = -21*x**3. Let q be f(-1). Suppose 4*r - r = q. Suppose d - 18 + r = 0. What is the highest common factor of 33 and d?
11
Let c be (-3)/(165/(-9097)) + 4/(-10). What is the greatest common factor of c and 15?
15
Let t be ((-2960)/(-25))/(4/20). Let l = 862 - t. Calculate the greatest common factor of l and 54.
54
Let t = 79 - 77. Let u(z) = 10*z**2 + 2. Let v be u(t). Calculate the greatest common factor of v and 14.
14
Suppose 14*j - 1579 = -1425. Calculate the highest common divisor of j and 297.
11
Let g(p) = p + 11. Let c = 73 + -81. Let z be g(c). Calculate the highest common factor of z and 9.
3
Let v(i) = i**2 + 70*i + 969. Let b be v(-66). What is the greatest common divisor of 60 and b?
15
Let l(d) = -d**3 + 4*d**2 + 8*d - 12. Let m be l(5). Let w be 2 - (1 + (-60)/m). Calculate the greatest common divisor of 7 and w.
7
Suppose -30 = -6*o - 6. Suppose -f = 5*x + 3*f + 117, 75 = -3*x - o*f. Let l = x - -71. Calculate the greatest common divisor of 20 and l.
10
Let b be 165/(-2)*(-20)/3. Suppose q - b = -4*q. What is the greatest common divisor of 22 and q?
22
Let j be (-2)/100*-5 + 236/40. What is the greatest common factor of j and 42?
6
Suppose 2*o - 3*s - 63 = 8, o = -2*s + 18. Let c = -26 + o. Suppose 0 = h - 4*q - c, -3*h - q - 11 = -5*h. Calculate the greatest common factor of h and 6.
6
Let v be 24/(-9)*(-9912)/224. Calculate the greatest common factor of 1 and v.
1
Let u be (-9)/((-54)/(-12))*3002/(-4). Calculate the highest common factor of u and 19.
19
Suppose 4*g = 2*y + 536, -74 = -g + 5*y + 69. What is the highest common divisor of g and 38?
19
Let w be (136/85)/((-4)/(-75)). Calculate the highest common divisor of 18 and w.
6
Let n be 2*(4 + 2/(-4)). Suppose -b - n = -40. Calculate the greatest common factor of b and 55.
11
Let p(x) = -2 + 10 - 1 + 0*x + x**2 + 2*x. Let b be p(5). Let q = -30 + b. What is the highest common factor of q and 18?
6
Let x be (-29 + 114)/(10/4). What is the greatest common factor of x and 2?
2
Let d(y) = -y + 3*y + 25 + 7. Let m be d(-6). What is the highest common divisor of 70 and m?
10
Let v be 102/30 + 4/(-10). Suppose v*n + n - 68 = 0. What is the highest common divisor of 51 and n?
17
Let v be (-3)/(-2)*(-110)/(-6)*4. Calculate the greatest common divisor of v and 715.
55
Let u be (-70 + 16)*(-3)/6. What is the greatest common divisor of u and 54?
27
Suppose 2*a + 3*v + 0*v = 39, a - 2*v = 9. Suppose a = 3*g, 3*g + 87 = 2*h - 132. Calculate the highest common factor of 13 and h.
13
Suppose 492 = -7*i + 13*i. What is the greatest common factor of 451 and i?
41
Let r(t) = -5*t - 2*t + 116 + t**2 - 142. Let y be r(17). Calculate the highest common divisor of 18 and y.
18
Let x = -26 - -60. Let a = x + -28. Calculate the greatest common divisor of 12 and a.
6
Let c(y) = -y**2 + 6*y - 3. Let b be c(2). Suppose -6 - 9 = -b*v. Suppose j + 8*q - 58 = 3*q, v*q = 3*j - 138. What is the highest common divisor of 32 and j?
16
Suppose -95*f + 112*f - 5610 = 0. Suppose 4*k - 120 = -0*k. What is the greatest common factor of f and k?
30
Let i be 2 + -11 - (-1 + 1). Let d(c) = -22*c + 4. Let v(j) = 4*j + 1. Let t(h) = -d(h) - 6*v(h). Let u be t(i). What is the greatest common factor of u and 40?
8
Let w be (256/80)/((-2)/(-60)). Suppose -2*j = -w - 12. Calculate the greatest common divisor of 18 and j.
18
Suppose -7*f + 32 + 157 = 0. Calculate the highest common divisor of f and 180.
9
Suppose 8*n = -21 - 3. Let o be (8/(-6))/((-1)/n) - -29. What is the greatest common factor of 75 and o?
25
Suppose -469 = -3*r + 5*w, 11*r - 2*w = 9*r + 310. What is the highest common factor of 102 and r?
51
Let u(a) = 8*a + 46. Let p be u(-5). Suppose 0 = 4*f - 2*s - 1350, -s = 2*f - p*s - 687. What is the highest common divisor of 42 and f?
42
Let k = 53 + -55. Let u be 1 + -3 + k*(-9 - 4). Calculate the highest common factor of u and 120.
24
Let p(q) = q - 5. Let b be p(5). Let w be (-1 + b)/((-3)/15). Suppose 0 = 4*r - 4, 3*f - 9 - 91 = w*r. Calculate the greatest common divisor of f and 14.
7
Let r = -3 + 24. Let g be ((-52)/(-8) - 3)*(2 + 0). What is the highest common divisor of r and g?
7
Let l be ((-8)/(32/(-84)))/(-1). Let g = 29 + l. What is the highest common divisor of g and 64?
8
Let i be (18/(-135) + 58/(-15))/(-1). Suppose p - a = 2*p - 38, 2*a = -i. Suppose 3*r - 20 - 4 = 0. Calculate the highest common factor of p and r.
8
Suppose -4*i = i - 3*b + 686, 282 = -2*i + 5*b. Let m be 2/(-4 - 548/i). Calculate the highest common divisor of m and 17.
17
Suppose -v + 161 = -2*v. Let y = v + 162. Calculate the greatest common divisor of 13 and y.
1
Let x be 